[INFO] cloning repository https://github.com/Ishan-002/solana-voting-system
[INFO] running `Command { std: "git" "-c" "credential.helper=" "-c" "credential.helper=/workspace/cargo-home/bin/git-credential-null" "clone" "--bare" "https://github.com/Ishan-002/solana-voting-system" "/workspace/cache/git-repos/https%3A%2F%2Fgithub.com%2FIshan-002%2Fsolana-voting-system", kill_on_drop: false }`
[INFO] [stderr] Cloning into bare repository '/workspace/cache/git-repos/https%3A%2F%2Fgithub.com%2FIshan-002%2Fsolana-voting-system'...
[INFO] running `Command { std: "git" "rev-parse" "HEAD", kill_on_drop: false }`
[INFO] [stdout] cb5c4cf36e76ab6246c086d99f887a3e8ad68515
[INFO] checking Ishan-002/solana-voting-system against master#e6e4f7ed1589e03bc2f6c5931c1a72e7947e8682 for beta-170-4
[INFO] running `Command { std: "git" "clone" "/workspace/cache/git-repos/https%3A%2F%2Fgithub.com%2FIshan-002%2Fsolana-voting-system" "/workspace/builds/worker-0-tc2/source", kill_on_drop: false }`
[INFO] [stderr] Cloning into '/workspace/builds/worker-0-tc2/source'...
[INFO] [stderr] done.
[INFO] validating manifest of git repo https://github.com/Ishan-002/solana-voting-system on toolchain e6e4f7ed1589e03bc2f6c5931c1a72e7947e8682
[INFO] running `Command { std: CARGO_HOME="/workspace/cargo-home" RUSTUP_HOME="/workspace/rustup-home" "/workspace/cargo-home/bin/cargo" "+e6e4f7ed1589e03bc2f6c5931c1a72e7947e8682" "metadata" "--manifest-path" "Cargo.toml" "--no-deps", kill_on_drop: false }`
[INFO] started tweaking git repo https://github.com/Ishan-002/solana-voting-system
[INFO] finished tweaking git repo https://github.com/Ishan-002/solana-voting-system
[INFO] tweaked toml for git repo https://github.com/Ishan-002/solana-voting-system written to /workspace/builds/worker-0-tc2/source/Cargo.toml
[INFO] crate git repo https://github.com/Ishan-002/solana-voting-system already has a lockfile, it will not be regenerated
[INFO] running `Command { std: CARGO_HOME="/workspace/cargo-home" RUSTUP_HOME="/workspace/rustup-home" "/workspace/cargo-home/bin/cargo" "+e6e4f7ed1589e03bc2f6c5931c1a72e7947e8682" "fetch" "--manifest-path" "Cargo.toml", kill_on_drop: false }`
[INFO] [stderr] warning: profiles for the non root package will be ignored, specify profiles at the workspace root:
[INFO] [stderr] package:   /workspace/builds/worker-0-tc2/source/programs/solana-voting-system/Cargo.toml
[INFO] [stderr] workspace: /workspace/builds/worker-0-tc2/source/Cargo.toml
[INFO] running `Command { std: "docker" "create" "-v" "/var/lib/crater-agent-workspace/builds/worker-0-tc2/target:/opt/rustwide/target:rw,Z" "-v" "/var/lib/crater-agent-workspace/builds/worker-0-tc2/source:/opt/rustwide/workdir:ro,Z" "-v" "/var/lib/crater-agent-workspace/cargo-home:/opt/rustwide/cargo-home:ro,Z" "-v" "/var/lib/crater-agent-workspace/rustup-home:/opt/rustwide/rustup-home:ro,Z" "-e" "SOURCE_DIR=/opt/rustwide/workdir" "-e" "CARGO_TARGET_DIR=/opt/rustwide/target" "-e" "CARGO_HOME=/opt/rustwide/cargo-home" "-e" "RUSTUP_HOME=/opt/rustwide/rustup-home" "-w" "/opt/rustwide/workdir" "-m" "1610612736" "--user" "0:0" "--network" "none" "ghcr.io/rust-lang/crates-build-env/linux@sha256:19e73879b68f455e41552ea35293514db52ea292d993f571636dbffedb77a1ee" "/opt/rustwide/cargo-home/bin/cargo" "+e6e4f7ed1589e03bc2f6c5931c1a72e7947e8682" "metadata" "--no-deps" "--format-version=1", kill_on_drop: false }`
[INFO] [stdout] 0a43ed66fba39dd95c243072272cc785a7a469244b3b57dcb8a960d1f4fa974d
[INFO] running `Command { std: "docker" "start" "-a" "0a43ed66fba39dd95c243072272cc785a7a469244b3b57dcb8a960d1f4fa974d", kill_on_drop: false }`
[INFO] running `Command { std: "docker" "inspect" "0a43ed66fba39dd95c243072272cc785a7a469244b3b57dcb8a960d1f4fa974d", kill_on_drop: false }`
[INFO] running `Command { std: "docker" "rm" "-f" "0a43ed66fba39dd95c243072272cc785a7a469244b3b57dcb8a960d1f4fa974d", kill_on_drop: false }`
[INFO] [stdout] 0a43ed66fba39dd95c243072272cc785a7a469244b3b57dcb8a960d1f4fa974d
[INFO] running `Command { std: "docker" "create" "-v" "/var/lib/crater-agent-workspace/builds/worker-0-tc2/target:/opt/rustwide/target:rw,Z" "-v" "/var/lib/crater-agent-workspace/builds/worker-0-tc2/source:/opt/rustwide/workdir:ro,Z" "-v" "/var/lib/crater-agent-workspace/cargo-home:/opt/rustwide/cargo-home:ro,Z" "-v" "/var/lib/crater-agent-workspace/rustup-home:/opt/rustwide/rustup-home:ro,Z" "-e" "SOURCE_DIR=/opt/rustwide/workdir" "-e" "CARGO_TARGET_DIR=/opt/rustwide/target" "-e" "CARGO_INCREMENTAL=0" "-e" "RUST_BACKTRACE=full" "-e" "RUSTFLAGS=--cap-lints=forbid" "-e" "RUSTDOCFLAGS=--cap-lints=forbid" "-e" "CARGO_HOME=/opt/rustwide/cargo-home" "-e" "RUSTUP_HOME=/opt/rustwide/rustup-home" "-w" "/opt/rustwide/workdir" "-m" "1610612736" "--user" "0:0" "--network" "none" "ghcr.io/rust-lang/crates-build-env/linux@sha256:19e73879b68f455e41552ea35293514db52ea292d993f571636dbffedb77a1ee" "/opt/rustwide/cargo-home/bin/cargo" "+e6e4f7ed1589e03bc2f6c5931c1a72e7947e8682" "check" "--frozen" "--all" "--all-targets" "--message-format=json", kill_on_drop: false }`
[INFO] [stdout] 0c759a3bbaad330f1e901293ea5b1061ae39959e0b76fdb5f2b9e919b9a23bc8
[INFO] running `Command { std: "docker" "start" "-a" "0c759a3bbaad330f1e901293ea5b1061ae39959e0b76fdb5f2b9e919b9a23bc8", kill_on_drop: false }`
[INFO] [stderr] warning: profiles for the non root package will be ignored, specify profiles at the workspace root:
[INFO] [stderr] package:   /opt/rustwide/workdir/programs/solana-voting-system/Cargo.toml
[INFO] [stderr] workspace: /opt/rustwide/workdir/Cargo.toml
[INFO] [stderr]    Compiling proc-macro2 v1.0.39
[INFO] [stderr]    Compiling unicode-ident v1.0.0
[INFO] [stderr]    Compiling syn v1.0.96
[INFO] [stderr]    Compiling serde_derive v1.0.137
[INFO] [stderr]    Compiling serde v1.0.137
[INFO] [stderr]    Compiling libc v0.2.126
[INFO] [stderr]    Compiling generic-array v0.14.5
[INFO] [stderr]    Compiling typenum v1.15.0
[INFO] [stderr]    Compiling proc-macro2-diagnostics v0.9.1
[INFO] [stderr]    Compiling block-padding v0.2.1
[INFO] [stderr]    Compiling serde_json v1.0.81
[INFO] [stderr]    Compiling anyhow v1.0.57
[INFO] [stderr]    Compiling semver v1.0.9
[INFO] [stderr]    Compiling yansi v0.5.1
[INFO] [stderr]    Compiling crunchy v0.2.2
[INFO] [stderr]    Compiling quote v1.0.18
[INFO] [stderr]    Compiling itoa v1.0.2
[INFO] [stderr]    Compiling opaque-debug v0.3.0
[INFO] [stderr]    Compiling log v0.4.17
[INFO] [stderr]    Compiling cpufeatures v0.2.2
[INFO] [stderr]    Compiling ryu v1.0.10
[INFO] [stderr]    Compiling bs58 v0.3.1
[INFO] [stderr]    Compiling rustc_version v0.4.0
[INFO] [stderr]     Checking subtle v2.4.1
[INFO] [stderr]    Compiling getrandom v0.1.16
[INFO] [stderr]    Compiling wasm-bindgen-shared v0.2.80
[INFO] [stderr]    Compiling ahash v0.7.6
[INFO] [stderr]    Compiling bumpalo v3.10.0
[INFO] [stderr]     Checking regex-syntax v0.6.26
[INFO] [stderr]    Compiling rustversion v1.0.6
[INFO] [stderr]    Compiling feature-probe v0.1.1
[INFO] [stderr]    Compiling solana-frozen-abi-macro v1.9.28
[INFO] [stderr]     Checking rand_core v0.5.1
[INFO] [stderr]     Checking atty v0.2.14
[INFO] [stderr]     Checking getrandom v0.2.6
[INFO] [stderr]    Compiling bv v0.11.1
[INFO] [stderr]     Checking termcolor v1.1.3
[INFO] [stderr]     Checking once_cell v1.12.0
[INFO] [stderr]    Compiling cc v1.0.73
[INFO] [stderr]     Checking humantime v2.1.0
[INFO] [stderr]    Compiling num-traits v0.2.15
[INFO] [stderr]     Checking rand_chacha v0.2.2
[INFO] [stderr]    Compiling solana-frozen-abi v1.9.28
[INFO] [stderr]    Compiling wasm-bindgen v0.2.80
[INFO] [stderr]     Checking arrayref v0.3.6
[INFO] [stderr]    Compiling bs58 v0.4.0
[INFO] [stderr]     Checking rand v0.7.3
[INFO] [stderr]     Checking hashbrown v0.11.2
[INFO] [stderr]    Compiling solana-program v1.9.28
[INFO] [stderr]     Checking memmap2 v0.5.4
[INFO] [stderr]     Checking constant_time_eq v0.1.5
[INFO] [stderr]     Checking zeroize v1.3.0
[INFO] [stderr]     Checking arrayvec v0.7.2
[INFO] [stderr]     Checking base64 v0.12.3
[INFO] [stderr]     Checking regex v1.5.6
[INFO] [stderr]     Checking byteorder v1.4.3
[INFO] [stderr]     Checking keccak v0.1.2
[INFO] [stderr]     Checking itertools v0.10.3
[INFO] [stderr]    Compiling blake3 v1.3.1
[INFO] [stderr]     Checking env_logger v0.9.0
[INFO] [stderr]     Checking solana-logger v1.9.28
[INFO] [stderr]    Compiling wasm-bindgen-backend v0.2.80
[INFO] [stderr]    Compiling borsh-schema-derive-internal v0.9.3
[INFO] [stderr]    Compiling borsh-derive-internal v0.9.3
[INFO] [stderr]    Compiling wasm-bindgen-macro-support v0.2.80
[INFO] [stderr]    Compiling thiserror-impl v1.0.31
[INFO] [stderr]    Compiling bytemuck_derive v1.1.0
[INFO] [stderr]    Compiling solana-sdk-macro v1.9.28
[INFO] [stderr]    Compiling num-derive v0.3.3
[INFO] [stderr]    Compiling wasm-bindgen-macro v0.2.80
[INFO] [stderr]     Checking bytemuck v1.9.1
[INFO] [stderr]    Compiling thiserror v1.0.31
[INFO] [stderr]     Checking serde_bytes v0.11.6
[INFO] [stderr]     Checking bincode v1.3.3
[INFO] [stderr]    Compiling toml v0.5.9
[INFO] [stderr]     Checking digest v0.9.0
[INFO] [stderr]     Checking block-buffer v0.9.0
[INFO] [stderr]     Checking crypto-mac v0.8.0
[INFO] [stderr]     Checking crypto-common v0.1.3
[INFO] [stderr]     Checking block-buffer v0.10.2
[INFO] [stderr]     Checking sha2 v0.9.9
[INFO] [stderr]     Checking hmac v0.8.1
[INFO] [stderr]     Checking libsecp256k1-core v0.2.2
[INFO] [stderr]     Checking hmac-drbg v0.3.0
[INFO] [stderr]     Checking digest v0.10.3
[INFO] [stderr]     Checking sha3 v0.9.1
[INFO] [stderr]     Checking curve25519-dalek v3.2.1
[INFO] [stderr]    Compiling proc-macro-crate v0.1.5
[INFO] [stderr]    Compiling anchor-syn v0.24.2
[INFO] [stderr]    Compiling borsh-derive v0.9.3
[INFO] [stderr]    Compiling libsecp256k1-gen-ecmult v0.2.1
[INFO] [stderr]    Compiling libsecp256k1-gen-genmult v0.2.1
[INFO] [stderr]    Compiling libsecp256k1 v0.6.0
[INFO] [stderr]     Checking borsh v0.9.3
[INFO] [stderr]    Compiling anchor-derive-accounts v0.24.2
[INFO] [stderr]    Compiling anchor-attribute-program v0.24.2
[INFO] [stderr]    Compiling anchor-attribute-error v0.24.2
[INFO] [stderr]    Compiling anchor-attribute-event v0.24.2
[INFO] [stderr]    Compiling anchor-attribute-account v0.24.2
[INFO] [stderr]    Compiling anchor-attribute-access-control v0.24.2
[INFO] [stderr]    Compiling anchor-attribute-interface v0.24.2
[INFO] [stderr]    Compiling anchor-attribute-state v0.24.2
[INFO] [stderr]    Compiling anchor-attribute-constant v0.24.2
[INFO] [stderr]     Checking anchor-lang v0.24.2
[INFO] [stderr]     Checking solana-voting-system v0.1.0 (/opt/rustwide/workdir/programs/solana-voting-system)
[INFO] [stdout] error[E0106]: missing lifetime specifier
[INFO] [stdout]  --> programs/solana-voting-system/src/lib.rs:6:1
[INFO] [stdout]   |
[INFO] [stdout] 6 | #[program]
[INFO] [stdout]   | ^ expected named lifetime parameter
[INFO] [stdout]   |
[INFO] [stdout]   = note: this error originates in the attribute macro `program` (in Nightly builds, run with -Z macro-backtrace for more info)
[INFO] [stdout] help: consider introducing a named lifetime parameter
[INFO] [stdout]   |
[INFO] [stdout] 6 ~ #'a [program]
[INFO] [stdout] 7 | pub mod solana_voting_system {
[INFO] [stdout] ...
[INFO] [stdout] 24| 
[INFO] [stdout] 25~     pub fn add_option<'a>(ctx: Context<AddOption>, input: &String) -> Result<()>{
[INFO] [stdout]   |
[INFO] [stdout] 
[INFO] [stdout] 
[INFO] [stdout] error[E0637]: `&` without an explicit lifetime name cannot be used here
[INFO] [stdout]  --> programs/solana-voting-system/src/lib.rs:6:1
[INFO] [stdout]   |
[INFO] [stdout] 6 | #[program]
[INFO] [stdout]   | ^ explicit lifetime name needed here
[INFO] [stdout]   |
[INFO] [stdout] help: consider introducing a higher-ranked lifetime here with `for<'a>`
[INFO] [stdout]  --> programs/solana-voting-system/src/lib.rs:6:1
[INFO] [stdout]   |
[INFO] [stdout] 6 | #[program]
[INFO] [stdout]   | ^
[INFO] [stdout]   = note: this error originates in the attribute macro `program` (in Nightly builds, run with -Z macro-backtrace for more info)
[INFO] [stdout] 
[INFO] [stdout] 
[INFO] [stdout] error[E0106]: missing lifetime specifier
[INFO] [stdout]  --> programs/solana-voting-system/src/lib.rs:6:1
[INFO] [stdout]   |
[INFO] [stdout] 6 | #[program]
[INFO] [stdout]   | ^ expected named lifetime parameter
[INFO] [stdout]   |
[INFO] [stdout]   = note: this error originates in the attribute macro `program` (in Nightly builds, run with -Z macro-backtrace for more info)
[INFO] [stdout] help: consider introducing a named lifetime parameter
[INFO] [stdout]   |
[INFO] [stdout] 6 ~ #'a [program]
[INFO] [stdout] 7 | pub mod solana_voting_system {
[INFO] [stdout] ...
[INFO] [stdout] 24| 
[INFO] [stdout] 25~     pub fn add_option<'a>(ctx: Context<AddOption>, input: &String) -> Result<()>{
[INFO] [stdout]   |
[INFO] [stdout] 
[INFO] [stdout] 
[INFO] [stdout] error[E0637]: `&` without an explicit lifetime name cannot be used here
[INFO] [stdout]  --> programs/solana-voting-system/src/lib.rs:6:1
[INFO] [stdout]   |
[INFO] [stdout] 6 | #[program]
[INFO] [stdout]   | ^ explicit lifetime name needed here
[INFO] [stdout]   |
[INFO] [stdout] help: consider introducing a higher-ranked lifetime here with `for<'a>`
[INFO] [stdout]  --> programs/solana-voting-system/src/lib.rs:6:1
[INFO] [stdout]   |
[INFO] [stdout] 6 | #[program]
[INFO] [stdout]   | ^
[INFO] [stdout]   = note: this error originates in the attribute macro `program` (in Nightly builds, run with -Z macro-backtrace for more info)
[INFO] [stdout] 
[INFO] [stdout] 
[INFO] [stdout] warning: unused import: `anchor_lang::solana_program::system_program`
[INFO] [stdout]  --> programs/solana-voting-system/src/lib.rs:2:5
[INFO] [stdout]   |
[INFO] [stdout] 2 | use anchor_lang::solana_program::system_program;
[INFO] [stdout]   |     ^^^^^^^^^^^^^^^^^^^^^^^^^^^^^^^^^^^^^^^^^^^
[INFO] [stdout]   |
[INFO] [stdout]   = note: `#[warn(unused_imports)]` on by default
[INFO] [stdout] 
[INFO] [stdout] 
[INFO] [stdout] warning: unused import: `anchor_lang::solana_program::system_program`
[INFO] [stdout]  --> programs/solana-voting-system/src/lib.rs:2:5
[INFO] [stdout]   |
[INFO] [stdout] 2 | use anchor_lang::solana_program::system_program;
[INFO] [stdout]   |     ^^^^^^^^^^^^^^^^^^^^^^^^^^^^^^^^^^^^^^^^^^^
[INFO] [stdout]   |
[INFO] [stdout]   = note: `#[warn(unused_imports)]` on by default
[INFO] [stdout] 
[INFO] [stdout] 
[INFO] [stdout] error[E0107]: struct takes 0 generic arguments but 1 generic argument was supplied
[INFO] [stdout]   --> programs/solana-voting-system/src/lib.rs:32:10
[INFO] [stdout]    |
[INFO] [stdout] 32 | #[derive(Accounts)]
[INFO] [stdout]    |          ^^^^^^^^- help: remove these generics
[INFO] [stdout]    |          |
[INFO] [stdout]    |          expected 0 generic arguments
[INFO] [stdout]    |
[INFO] [stdout] note: struct defined here, with 0 generic parameters
[INFO] [stdout]   --> programs/solana-voting-system/src/lib.rs:60:12
[INFO] [stdout]    |
[INFO] [stdout] 60 | pub struct Option{
[INFO] [stdout]    |            ^^^^^^
[INFO] [stdout]    = note: this error originates in the derive macro `Accounts` (in Nightly builds, run with -Z macro-backtrace for more info)
[INFO] [stdout] 
[INFO] [stdout] 
[INFO] [stdout] error[E0107]: struct takes 0 generic arguments but 1 generic argument was supplied
[INFO] [stdout]   --> programs/solana-voting-system/src/lib.rs:32:10
[INFO] [stdout]    |
[INFO] [stdout] 32 | #[derive(Accounts)]
[INFO] [stdout]    |          ^^^^^^^^- help: remove these generics
[INFO] [stdout]    |          |
[INFO] [stdout]    |          expected 0 generic arguments
[INFO] [stdout]    |
[INFO] [stdout] note: struct defined here, with 0 generic parameters
[INFO] [stdout]   --> programs/solana-voting-system/src/lib.rs:60:12
[INFO] [stdout]    |
[INFO] [stdout] 60 | pub struct Option{
[INFO] [stdout]    |            ^^^^^^
[INFO] [stdout]    = note: this error originates in the derive macro `Accounts` (in Nightly builds, run with -Z macro-backtrace for more info)
[INFO] [stdout] 
[INFO] [stdout] 
[INFO] [stdout] error[E0107]: struct takes 0 generic arguments but 1 generic argument was supplied
[INFO] [stdout]   --> programs/solana-voting-system/src/lib.rs:41:10
[INFO] [stdout]    |
[INFO] [stdout] 41 | #[derive(Accounts)]
[INFO] [stdout]    |          ^^^^^^^^- help: remove these generics
[INFO] [stdout]    |          |
[INFO] [stdout]    |          expected 0 generic arguments
[INFO] [stdout]    |
[INFO] [stdout] note: struct defined here, with 0 generic parameters
[INFO] [stdout]   --> programs/solana-voting-system/src/lib.rs:60:12
[INFO] [stdout]    |
[INFO] [stdout] 60 | pub struct Option{
[INFO] [stdout]    |            ^^^^^^
[INFO] [stdout]    = note: this error originates in the derive macro `Accounts` (in Nightly builds, run with -Z macro-backtrace for more info)
[INFO] [stdout] 
[INFO] [stdout] 
[INFO] [stdout] error[E0107]: struct takes 0 generic arguments but 1 generic argument was supplied
[INFO] [stdout]   --> programs/solana-voting-system/src/lib.rs:41:10
[INFO] [stdout]    |
[INFO] [stdout] 41 | #[derive(Accounts)]
[INFO] [stdout]    |          ^^^^^^^^- help: remove these generics
[INFO] [stdout]    |          |
[INFO] [stdout]    |          expected 0 generic arguments
[INFO] [stdout]    |
[INFO] [stdout] note: struct defined here, with 0 generic parameters
[INFO] [stdout]   --> programs/solana-voting-system/src/lib.rs:60:12
[INFO] [stdout]    |
[INFO] [stdout] 60 | pub struct Option{
[INFO] [stdout]    |            ^^^^^^
[INFO] [stdout]    = note: this error originates in the derive macro `Accounts` (in Nightly builds, run with -Z macro-backtrace for more info)
[INFO] [stdout] 
[INFO] [stdout] 
[INFO] [stdout] error[E0107]: struct takes 0 generic arguments but 1 generic argument was supplied
[INFO] [stdout]   --> programs/solana-voting-system/src/lib.rs:46:10
[INFO] [stdout]    |
[INFO] [stdout] 46 | #[derive(Accounts)]
[INFO] [stdout]    |          ^^^^^^^^- help: remove these generics
[INFO] [stdout]    |          |
[INFO] [stdout]    |          expected 0 generic arguments
[INFO] [stdout]    |
[INFO] [stdout] note: struct defined here, with 0 generic parameters
[INFO] [stdout]   --> programs/solana-voting-system/src/lib.rs:60:12
[INFO] [stdout]    |
[INFO] [stdout] 60 | pub struct Option{
[INFO] [stdout]    |            ^^^^^^
[INFO] [stdout]    = note: this error originates in the derive macro `Accounts` (in Nightly builds, run with -Z macro-backtrace for more info)
[INFO] [stdout] 
[INFO] [stdout] 
[INFO] [stdout] error[E0107]: struct takes 0 generic arguments but 1 generic argument was supplied
[INFO] [stdout]   --> programs/solana-voting-system/src/lib.rs:46:10
[INFO] [stdout]    |
[INFO] [stdout] 46 | #[derive(Accounts)]
[INFO] [stdout]    |          ^^^^^^^^- help: remove these generics
[INFO] [stdout]    |          |
[INFO] [stdout]    |          expected 0 generic arguments
[INFO] [stdout]    |
[INFO] [stdout] note: struct defined here, with 0 generic parameters
[INFO] [stdout]   --> programs/solana-voting-system/src/lib.rs:60:12
[INFO] [stdout]    |
[INFO] [stdout] 60 | pub struct Option{
[INFO] [stdout]    |            ^^^^^^
[INFO] [stdout]    = note: this error originates in the derive macro `Accounts` (in Nightly builds, run with -Z macro-backtrace for more info)
[INFO] [stdout] 
[INFO] [stdout] 
[INFO] [stdout] error: aborting due to 5 previous errors; 1 warning emitted
[INFO] [stdout] 
[INFO] [stdout] 
[INFO] [stdout] Some errors have detailed explanations: E0106, E0107, E0637.
[INFO] [stdout] 
[INFO] [stdout] For more information about an error, try `rustc --explain E0106`.
[INFO] [stdout] 
[INFO] [stdout] error: aborting due to 5 previous errors; 1 warning emitted
[INFO] [stdout] 
[INFO] [stdout] 
[INFO] [stdout] Some errors have detailed explanations: E0106, E0107, E0637.
[INFO] [stdout] 
[INFO] [stdout] For more information about an error, try `rustc --explain E0106`.
[INFO] [stdout] 
[INFO] [stderr] error: could not compile `solana-voting-system` (lib) due to 6 previous errors; 1 warning emitted
[INFO] [stderr] warning: build failed, waiting for other jobs to finish...
[INFO] [stderr] error: could not compile `solana-voting-system` (lib test) due to 6 previous errors; 1 warning emitted
[INFO] running `Command { std: "docker" "inspect" "0c759a3bbaad330f1e901293ea5b1061ae39959e0b76fdb5f2b9e919b9a23bc8", kill_on_drop: false }`
[INFO] running `Command { std: "docker" "rm" "-f" "0c759a3bbaad330f1e901293ea5b1061ae39959e0b76fdb5f2b9e919b9a23bc8", kill_on_drop: false }`
[INFO] [stdout] 0c759a3bbaad330f1e901293ea5b1061ae39959e0b76fdb5f2b9e919b9a23bc8
